1348002.
1
What is the highest common factor of 2429 and 35528983?
2429
Calculate the greatest common divisor of 19376 and 108176.
16
What is the greatest common factor of 2207712 and 2088?
696
What is the greatest common factor of 78805 and 36605?
5
What is the highest common factor of 53708362 and 3798?
422
What is the greatest common divisor of 158 and 77986?
2
What is the greatest common factor of 4327154 and 52?
26
Calculate the greatest common factor of 32615020 and 19.
19
Calculate the greatest common factor of 27375 and 27075.
75
What is the greatest common divisor of 86 and 506162?
2
Calculate the greatest common divisor of 416 and 58496.
32
What is the greatest common divisor of 1276865 and 1942?
971
What is the highest common factor of 1989836 and 12827?
127
What is the greatest common factor of 1882739397 and 22038?
11019
What is the highest common factor of 117 and 744480?
9
Calculate the greatest common factor of 150 and 3907000.
50
What is the highest common divisor of 15436795 and 253?
253
Calculate the highest common factor of 21215550 and 1206.
402
What is the highest common factor of 1152 and 26411328?
576
Calculate the highest common divisor of 1495 and 56430431.
23
What is the highest common divisor of 14137 and 28485?
211
Calculate the highest common divisor of 834379667 and 11.
11
What is the greatest common divisor of 346 and 22626151?
173
Calculate the greatest common divisor of 49286 and 5005664.
38
What is the highest common factor of 4 and 5403082?
2
Calculate the highest common factor of 14392853 and 3580.
179
What is the greatest common divisor of 11 and 497464?
11
What is the highest common factor of 5 and 40326?
1
Calculate the highest common divisor of 907970 and 80.
10
What is the greatest common factor of 3542 and 548814?
14
What is the highest common factor of 10379 and 135703?
97
What is the highest common factor of 2981131 and 4453?
61
Calculate the greatest common factor of 4700 and 1919668.
188
Calculate the highest common divisor of 1431991 and 182039.
737
What is the highest common factor of 49600175 and 65?
5
What is the highest common divisor of 42747552 and 2256?
48
What is the greatest common divisor of 1381 and 1898768663?
1381
Calculate the greatest common factor of 140895 and 63891.
279
What is the greatest common divisor of 18252748 and 1796?
1796
Calculate the highest common divisor of 1180 and 141907980.
1180
What is the greatest common factor of 22 and 1260622?
22
Calculate the greatest common divisor of 480816 and 2302992.
1296
Calculate the greatest common divisor of 10868 and 127428288.
988
Calculate the highest common factor of 135309 and 878528.
1961
Calculate the greatest common divisor of 8865 and 1299495.
15
Calculate the highest common divisor of 5493301 and 99.
11
What is the greatest common factor of 17024272 and 80?
16
What is the greatest common factor of 372116570 and 105?
35
Calculate the greatest common factor of 172316516 and 1252.
1252
Calculate the highest common factor of 3220 and 5492515.
805
What is the greatest common factor of 78153 and 40875?
327
Calculate the highest common divisor of 7425 and 300159.
27
What is the greatest common divisor of 1070 and 41472237?
107
What is the highest common divisor of 803344 and 2072?
296
What is the highest common divisor of 2374 and 15156803?
1187
Calculate the greatest common factor of 20 and 1395131080.
20
What is the greatest common factor of 109281576 and 2040?
408
Calculate the greatest common divisor of 130 and 4717930.
10
What is the highest common factor of 39438138 and 2709?
129
What is the highest common factor of 43810 and 68909086?
674
Calculate the highest common divisor of 150207324 and 60.
12
Calculate the highest common factor of 59037648 and 316.
316
Calculate the highest common divisor of 26370 and 11790.
90
Calculate the greatest common factor of 161 and 8637949.
23
Calculate the greatest common factor of 7035 and 7054095.
1005
Calculate the highest common divisor of 58 and 28230311.
29
Calculate the highest common factor of 118839216 and 277182.
10266
Calculate the highest common factor of 176 and 3547434.
22
Calculate the highest common divisor of 112313 and 1364.
31
Calculate the highest common divisor of 189130 and 830.
10
Calculate the greatest common factor of 24 and 1845027132.
12
What is the greatest common divisor of 1286361330 and 60?
30
What is the highest common factor of 505504 and 160?
32
What is the highest common factor of 1376 and 2029472?
32
Calculate the greatest common divisor of 2119253 and 2511.
31
What is the highest common divisor of 14485833 and 5270058?
13653
Calculate the greatest common factor of 10261 and 1330951.
331
Calculate the greatest common factor of 185217588 and 24.
12
Calculate the highest common divisor of 5905095 and 60.
15
Calculate the highest common factor of 6656 and 22665968.
208
What is the highest common divisor of 12275 and 6092819?
491
What is the highest common factor of 8 and 10412648?
8
What is the greatest common divisor of 14738158 and 74702?
1822
Calculate the highest common divisor of 224745535 and 161.
161
What is the greatest common factor of 24 and 2126580?
12
Calculate the highest common divisor of 3434547 and 41430.
4143
Calculate the highest common factor of 4032 and 1083648.
192
What is the greatest common divisor of 1605401 and 1253?
7
Calculate the highest common divisor of 60 and 26487798.
6
Calculate the greatest common factor of 45229 and 4377.
1459
What is the highest common factor of 2457 and 4042116?
351
What is the highest common factor of 10512 and 10026000?
144
Calculate the highest common factor of 1439099 and 15833.
71
What is the greatest common divisor of 513679 and 41?
1
What is the greatest common divisor of 592131802 and 116?
58
Calculate the greatest common divisor of 1275495 and 2959275.
3165
Calculate the highest common divisor of 4445 and 16321405.
635
Calculate the highest common divisor of 3689 and 344939.
7
What is the greatest common factor of 31 and 8387087?
1
What is the greatest common factor of 680195903 and 163?
163
What is the highest common divisor of 306859 and 21889?
413
What is the highest common factor of 407966 and 2545478?
5746
Calculate the highest common factor of 5 and 21803445.
5
What is the greatest common divisor of 203179 and 47561?
199
Calculate the highest common factor of 1605 and 2177129.
107
What is the greatest common factor of 426452 and 27383?
139
What is the highest common factor of 30001916 and 392?
196
Calculate the highest common divisor of 691 and 94096234.
691
What is the highest common divisor of 937 and 499206427?
937
Calculate the highest common divisor of 98082600 and 21.
21
Calculate the highest common divisor of 628593 and 21843.
2427
What is the highest common factor of 12 and 6550770?
6
Calculate the highest common divisor of 7245 and 59733990.
1035
Calculate the highest common divisor of 159264 and 1512672.
672
Calculate the greatest common divisor of 48 and 4323432.
24
Calculate the highest common factor of 17059 and 180116233.
2437
Calculate the greatest common factor of 36264 and 1334.
2
Calculate the highest common divisor of 300 and 305145600.
300
Calculate the highest common divisor of 920 and 18661372.
92
Calculate the highest common factor of 844000001 and 7527.
2509
What is the highest common divisor of 58022 and 96748?
134
What is the greatest common factor of 1024114 and 13832?
182
Calculate the greatest common divisor of 2275 and 945700.
175
Calculate the greatest common factor of 1321 and 55974733.
1321
Calculate the highest common divisor of 14837809 and 20503.
707
Calculate the highest common factor of 37440575 and 11775.
3925
Calculate the highest common factor of 29169122 and 287.
41
What is the highest common divisor of 1271028 and 1650?
66
What is the greatest common factor of 172 and 1426181?
43
Calculate the greatest common divisor of 528976 and 280.
56
Calculate the greatest common divisor of 2973 and 29929191.
2973
What is the highest common divisor of 15024 and 72496?
16
Calculate the greatest common divisor of 203 and 408555.
7
Calculate the highest common divisor of 2178 and 11942942.
242
What is the highest common factor of 146912 and 113590522?
918